 is 1021021222120100201 - 1?
1021021222120100200
In base 4, what is -1302 - -101211333233?
101211331331
In base 15, what is -27 + -1745c?
-17484
In base 14, what is -625072 + 1?
-625071
In base 16, what is 2 + -44545b?
-445459
In base 14, what is 23c7 + 59a4?
7d8b
In base 5, what is -22143 - 23434202?
-24011400
In base 16, what is -3a - -120d3?
12099
In base 11, what is -14698 - 161?
-14849
In base 14, what is -8873273 + -4?
-8873277
In base 3, what is -1121010 - 1012002011?
-1020200021
In base 12, what is -733269 - 39?
-7332a6
In base 15, what is -99bc + -24?
-99e1
In base 4, what is -110022 + -2212222?
-2322310
In base 11, what is 20689 - -2914?
234a2
In base 6, what is -22233 - -1150345?
1124112
In base 8, what is -12 - 30004?
-30016
In base 4, what is -11 + -2133332303100?
-2133332303111
In base 10, what is 4140182 + 3?
4140185
In base 8, what is -42 - -3655036?
3654774
In base 3, what is -11002020121 - 200220?
-11002221111
In base 8, what is -472453624 - 3?
-472453627
In base 8, what is 15 - 502325?
-502310
In base 11, what is aa6a8 - a?
aa699
In base 12, what is a32b857 + -2?
a32b855
In base 10, what is 75 + -1014597?
-1014522
In base 3, what is -102102112 + 1101121000?
222011111
In base 11, what is 451 - -1228a?
12730
In base 12, what is -a796179b + 2?
-a7961799
In base 6, what is 3020030034 + -4?
3020030030
In base 7, what is -146110 - 13620?
-163030
In base 16, what is 4 - -adbd1a?
adbd1e
In base 14, what is 5 + 4a93740?
4a93745
In base 15, what is 5 + 215aa6?
215aab
In base 7, what is -4 - -125511062?
125511055
In base 13, what is 370c99 - -22?
370cbb
In base 11, what is -52882081 - 1?
-52882082
In base 4, what is 110 + 1322101002?
1322101112
In base 14, what is 1 + 2188b43?
2188b44
In base 14, what is -903d - 557c?
-105bb
In base 11, what is -a464506 - -3?
-a464503
In base 3, what is 12 + -210200101010111121?
-210200101010111102
In base 2, what is 100111010000011010 + 10000110?
100111010010100000
In base 3, what is 21012110 - 201020102?
-110000222
In base 12, what is 287 - 3371?
-30a6
In base 3, what is 1222201022 + -200?
1222200122
In base 10, what is 7427541 + 11?
7427552
In base 12, what is 1223430 - -37?
1223467
In base 4, what is -1202 + -300110111?
-300111313
In base 14, what is 2d8a3 + 2a2?
2db65
In base 12, what is 189 + -19b32?
-19965
In base 10, what is 6886027 - 7?
6886020
In base 5, what is -10121201 + -10032?
-10131233
In base 14, what is 232 - bad5?
-b8a3
In base 6, what is 153252 - -1445?
155141
In base 11, what is 8 - -161334a?
1613357
In base 4, what is 1 - 31303232330?
-31303232323
In base 11, what is 3a9811 + 3a5?
3aa106
In base 6, what is 100104055515 - 4?
100104055511
In base 5, what is -130004 + -142111?
-322120
In base 8, what is -755457 + 10614?
-744643
In base 2, what is -11111000001110 - -1110111001001?
-10000001000101
In base 4, what is 33000210320322 + 1?
33000210320323
In base 4, what is 102131020223 - 100?
102131020123
In base 11, what is -197 + -171464?
-171650
In base 2, what is 1011101000001010100001 + 1?
1011101000001010100010
In base 11, what is 17 + 60561a?
605636
In base 15, what is -21 - c8d66?
-c8d87
In base 9, what is -283755736 - 2?
-283755738
In base 8, what is -56457 + -7734?
-66413
In base 9, what is 40556 + 2716?
43373
In base 16, what is 807 - 230f2?
-228eb
In base 16, what is -118783 - -ad?
-1186d6
In base 2, what is -1110001111110111101111010 + -11?
-1110001111110111101111101
In base 3, what is 121220221 + -100010?
121120211
In base 12, what is a + 78717?
78725
In base 13, what is 5 - -255b734?
255b739
In base 7, what is 12 - -15202033?
15202045
In base 3, what is 10020122102221 + 221011?
10020200101002
In base 13, what is cc + 2420?
251c
In base 3, what is 20002000012 - -221?
20002001010
In base 16, what is 1d8b7f - 10?
1d8b6f
In base 8, what is 6 - -213700624?
213700632
In base 6, what is 2 + -2444502?
-2444500
In base 3, what is 2220200102 - 222111?
2212200221
In base 8, what is -263 - -214107?
213624
In base 6, what is -3544 + 213033?
205045
In base 12, what is b0207 + 2076?
b2281
In base 10, what is -22349 - 13696?
-36045
In base 6, what is 415555 + -104?
415451
In base 12, what is -2a48 - -12161?
b315
In base 5, what is -134331032 + -32?
-134331114
In base 6, what is 1031115 + 13500?
1045015
In base 9, what is 17 - -370660?
370677
In base 10, what is -1105 - -856?
-249
In base 6, what is 3104343 + 52?
3104435
In base 11, what is 8 - -10a2683?
10a2690
In base 4, what is 13 + 13131220?
13131233
In base 9, what is -18244365 + -21?
-18244386
In base 15, what is c48 - -2c25?
396d
In base 7, what is -26322566 + -3?
-26322602
In base 2, what is -100101101100011111001111000 + -1011?
-100101101100011111010000011
In base 8, what is 14047 + -74377?
-60330
In base 14, what is -43 + -338a?
-33cd
In base 8, what is -2 + 234726054?
234726052
In base 15, what is a89dd + 353?
a8d41
In base 16, what is 78f - 20ac?
-191d
In base 6, what is -3222134213 + 4?
-3222134205
In base 6, what is 14 + -1030053532?
-1030053514
In base 3, what is -1111 + 220012221101022?
220012221022211
In base 12, what is 1595b - -15?
15974
In base 8, what is 0 + 2622217?
2622217
In base 12, what is -6 - -111657a?
1116574
In base 4, what is 233 + -1220022112?
-1220021213
In base 11, what is -6 - -133171a?
1331714
In base 15, what is -3 - 5d9ad3?
-5d9ad6
In base 3, what is -11 + -1011110110010112?
-1011110110010200
In base 11, what is 4741 + 776a?
11400
In base 14, what is 5c6a + -84?
5bc6
In base 16, what is -1a1 + -26f1f?
-270c0
In base 11, what is 499a5 + 156?
4a050
In base 9, what is -1434 - 15186?
-16631
In base 16, what is 78 + caf5?
cb6d
In base 4, what is 3000312 - -130110?
3131022
In base 10, what is 39097 + 1398?
40495
In base 3, what is -101000120002101122 - 11?
-101000120002101210
In base 5, what is -2442 - 20122231?
-20130223
In base 9, what is 2874 - -6850?
10834
In base 11, what is 5 - 12801737?
-12801732
In base 15, what is 181 - 1910?
-177e
In base 6, what is -112201 + 25033?
-43124
In base 9, what is 17 - -1103252?
1103270
In base 12, what is -19b1 - 635?
-2426
In base 8, what is -203132 + -2530?
-205662
In base 12, what is -a1a - -6a20?
6002
In base 16, what is 1694c3 - 7?
1694bc
In base 11, what is -6a3721906 - -3?
-6a3721903
In base 11, what is -114a740 + -2a4?
-114aa34
In base 10, what is 5741942 - -31?
5741973
In base 13, what is 1251879 + 15?
1251891
In base 8, what is -34353153 + -2?
-34353155
In base 13, what is 2114 + 556?
266a
In base 13, what is -3 - -45c7ba?
45c7b7
In base 16, what is -e23eea - -a?
-e23ee0
In base 3, what is -21122 - -11022020010?
11021221111
In base 11, what is 98720 - 55?
98676
In base 9, what is 2 - 4375147?
-4375145
In base 9, what is -5743 + 63661?
56817
In base 15, what is -14b7c91 - 2?
-14b7c93
In base 10, what is -7063691 + 11?
-7063680
In base 10, what is -12480393 - -3?
-12480390
In base 2, what is -11001110101101100010011001 - -10?
-11001110101101100010010111
In base 5, what is 1333404143 - 211?
1333403432
In base 16, what is -a6110 + 0?
-a6110
In base 16, what is 18 - -c38ac?
c38c4
In base 15, what is -4 - -2c551a?
2c5516
In base 12, what is -143508b - -4?
-1435087
In base 5, what is 134230 + -24243?
104432
In base 11, what is 210576 - -44?
21060a
In base 2, what is -100 + 10101110101101111100?
10101110101101111000
In base 7, what is -531541215 - -1?
-531541214
In base 9, what is -3 - -15465506?
15465503
In base 9, what is 3106306586 - 2?
3106306584
In base 14, what is 2 + 48bca9c?
48bcaa0
In base 16, what is -4 - -8d91509?
8d91505
In base 15, what is -6bd + 3775?
30a7
In base 14, what is -243b110 + -d?
-243b11d
In base 14, what is 1871 + -680d?
-4d7c
In base 3, what is 122 - 10110210012211?
-10110210012012
In base 5, what is -10132 + -4112322?
-4123004
In base 16, what is -7861b - -2?
-78619
In base 14, what is -3 - -3adb121?
3adb11c
In base 10, what is 63868261 - 1?
63868260
In base 13, what is 194c36 - 43?
194bc3
In base 16, what is 5d6566f + 9?
5d65678
In base 12, what is -1093 + -452b?
-5602
In base 10, what is -19448 + -96?
-19544
In base 3, what is 10212101100 + 10221?
10212112021
In base 5, what is -1 + 1012001100?
1012001044
In base 10, what is -56 - -798473?
798417
In base 16, what is -2 - 2b5c?
-2b5e
In base 5, what is -11323431411 + -3?
-11323431414
In